{"id":55,"date":"2024-04-03T13:24:45","date_gmt":"2024-04-03T16:24:45","guid":{"rendered":"https:\/\/bravopedro.com.br\/?page_id=55"},"modified":"2026-02-04T09:05:21","modified_gmt":"2026-02-04T12:05:21","slug":"home","status":"publish","type":"page","link":"https:\/\/bravopedro.com.br\/","title":{"rendered":"In\u00edcio"},"content":{"rendered":"\t\t<div data-elementor-type=\"wp-page\" data-elementor-id=\"55\" class=\"elementor elementor-55\" data-elementor-post-type=\"page\">\n\t\t\t\t<div class=\"elementor-element elementor-element-945b8f5 e-flex e-con-boxed e-con e-parent\" data-id=\"945b8f5\" data-element_type=\"container\" data-core-v316-plus=\"true\">\n\t\t\t\t\t<div class=\"e-con-inner\">\n\t\t<div class=\"elementor-element elementor-element-9d8d7ce e-con-full e-flex e-con e-child\" data-id=\"9d8d7ce\" data-element_type=\"container\">\n\t\t\t\t<div class=\"elementor-element elementor-element-45b775f elementor-widget elementor-widget-image\" data-id=\"45b775f\" data-element_type=\"widget\" data-widget_type=\"image.default\">\n\t\t\t\t<div class=\"elementor-widget-container\">\n\t\t\t<style>\/*! elementor - v3.20.0 - 26-03-2024 *\/\n.elementor-widget-image{text-align:center}.elementor-widget-image a{display:inline-block}.elementor-widget-image a img[src$=\".svg\"]{width:48px}.elementor-widget-image img{vertical-align:middle;display:inline-block}<\/style>\t\t\t\t\t\t\t\t\t\t<img fetchpriority=\"high\" decoding=\"async\" width=\"525\" height=\"788\" src=\"https:\/\/bravopedro.com.br\/wp-content\/uploads\/2026\/02\/IMG_8896.jpg\" class=\"attachment-large size-large wp-image-301\" alt=\"\" srcset=\"https:\/\/bravopedro.com.br\/wp-content\/uploads\/2026\/02\/IMG_8896.jpg 525w, https:\/\/bravopedro.com.br\/wp-content\/uploads\/2026\/02\/IMG_8896-200x300.jpg 200w\" sizes=\"(max-width: 525px) 100vw, 525px\" \/>\t\t\t\t\t\t\t\t\t\t\t\t\t<\/div>\n\t\t\t\t<\/div>\n\t\t\t\t<\/div>\n\t\t<div class=\"elementor-element elementor-element-d85b0ba e-con-full e-flex e-con e-child\" data-id=\"d85b0ba\" data-element_type=\"container\">\n\t\t\t\t<div class=\"elementor-element elementor-element-70c41bd elementor-widget__width-initial elementor-widget elementor-widget-text-editor\" data-id=\"70c41bd\" data-element_type=\"widget\" data-widget_type=\"text-editor.default\">\n\t\t\t\t<div class=\"elementor-widget-container\">\n\t\t\t<style>\/*! elementor - v3.20.0 - 26-03-2024 *\/\n.elementor-widget-text-editor.elementor-drop-cap-view-stacked .elementor-drop-cap{background-color:#69727d;color:#fff}.elementor-widget-text-editor.elementor-drop-cap-view-framed .elementor-drop-cap{color:#69727d;border:3px solid;background-color:transparent}.elementor-widget-text-editor:not(.elementor-drop-cap-view-default) .elementor-drop-cap{margin-top:8px}.elementor-widget-text-editor:not(.elementor-drop-cap-view-default) .elementor-drop-cap-letter{width:1em;height:1em}.elementor-widget-text-editor .elementor-drop-cap{float:left;text-align:center;line-height:1;font-size:50px}.elementor-widget-text-editor .elementor-drop-cap-letter{display:inline-block}<\/style>\t\t\t\t<p>Ol\u00e1! Sou <b>Professor <\/b>Adjunto de <b>Epistemologia e Filosofia da Ci\u00eancia<\/b> na Universidade Federal do ABC (<b>UFABC<\/b>). Meu trabalho de pesquisa, ensino e extens\u00e3o \u00e9 guiado pelos objetivos de, primeiro, criticar pesquisas cient\u00edficas que possam causar injusti\u00e7as e, segundo, reorganizar a <b>ci\u00eancia<\/b> de modo a torn\u00e1-la <b>socialmente mais respons\u00e1vel<\/b>. Para isso, eu me apoio na literatura das diversas \u00e1reas que se debru\u00e7am sobre a ci\u00eancia (em especial, <b>valores na ci\u00eancia e epistemologia social<\/b>) e na minha rede de colaboradores. Quando n\u00e3o estou fazendo as atividades acima, eu estou geralmente praticando algum <b>esporte<\/b> (ainda que mal!), como o <b>surf<\/b>.<\/p>\t\t\t\t\t\t<\/div>\n\t\t\t\t<\/div>\n\t\t\t\t<\/div>\n\t\t\t\t\t<\/div>\n\t\t\t\t<\/div>\n\t\t\t\t<\/div>\n\t\t","protected":false},"excerpt":{"rendered":"<p>Ol\u00e1! Sou Professor Adjunto de Epistemologia e Filosofia da Ci\u00eancia na Universidade Federal do ABC (UFABC). Meu trabalho de pesquisa, ensino e extens\u00e3o \u00e9 guiado pelos objetivos de, primeiro, criticar pesquisas cient\u00edficas que possam causar injusti\u00e7as e, segundo, reorganizar a ci\u00eancia de modo a torn\u00e1-la socialmente mais respons\u00e1vel. Para isso, eu me apoio na literatura [&hellip;]<\/p>\n","protected":false},"author":1,"featured_media":0,"parent":0,"menu_order":0,"comment_status":"closed","ping_status":"closed","template":"","meta":{"footnotes":""},"aioseo_notices":[],"_links":{"self":[{"href":"https:\/\/bravopedro.com.br\/index.php?rest_route=\/wp\/v2\/pages\/55"}],"collection":[{"href":"https:\/\/bravopedro.com.br\/index.php?rest_route=\/wp\/v2\/pages"}],"about":[{"href":"https:\/\/bravopedro.com.br\/index.php?rest_route=\/wp\/v2\/types\/page"}],"author":[{"embeddable":true,"href":"https:\/\/bravopedro.com.br\/index.php?rest_route=\/wp\/v2\/users\/1"}],"replies":[{"embeddable":true,"href":"https:\/\/bravopedro.com.br\/index.php?rest_route=%2Fwp%2Fv2%2Fcomments&post=55"}],"version-history":[{"count":32,"href":"https:\/\/bravopedro.com.br\/index.php?rest_route=\/wp\/v2\/pages\/55\/revisions"}],"predecessor-version":[{"id":304,"href":"https:\/\/bravopedro.com.br\/index.php?rest_route=\/wp\/v2\/pages\/55\/revisions\/304"}],"wp:attachment":[{"href":"https:\/\/bravopedro.com.br\/index.php?rest_route=%2Fwp%2Fv2%2Fmedia&parent=55"}],"curies":[{"name":"wp","href":"https:\/\/api.w.org\/{rel}","templated":true}]}}