{"id":63,"date":"2024-04-03T13:26:14","date_gmt":"2024-04-03T16:26:14","guid":{"rendered":"https:\/\/bravopedro.com.br\/?page_id=63"},"modified":"2026-01-07T09:53:53","modified_gmt":"2026-01-07T12:53:53","slug":"extensao","status":"publish","type":"page","link":"https:\/\/bravopedro.com.br\/?page_id=63","title":{"rendered":"Extens\u00e3o"},"content":{"rendered":"\t\t<div data-elementor-type=\"wp-page\" data-elementor-id=\"63\" class=\"elementor elementor-63\" data-elementor-post-type=\"page\">\n\t\t\t\t<div class=\"elementor-element elementor-element-6a08161 e-flex e-con-boxed e-con e-parent\" data-id=\"6a08161\" data-element_type=\"container\" data-core-v316-plus=\"true\">\n\t\t\t\t\t<div class=\"e-con-inner\">\n\t\t\t\t<div class=\"elementor-element elementor-element-db2e783 elementor-widget elementor-widget-text-editor\" data-id=\"db2e783\" data-element_type=\"widget\" data-widget_type=\"text-editor.default\">\n\t\t\t\t<div class=\"elementor-widget-container\">\n\t\t\t<style>\/*! elementor - v3.20.0 - 26-03-2024 *\/\n.elementor-widget-text-editor.elementor-drop-cap-view-stacked .elementor-drop-cap{background-color:#69727d;color:#fff}.elementor-widget-text-editor.elementor-drop-cap-view-framed .elementor-drop-cap{color:#69727d;border:3px solid;background-color:transparent}.elementor-widget-text-editor:not(.elementor-drop-cap-view-default) .elementor-drop-cap{margin-top:8px}.elementor-widget-text-editor:not(.elementor-drop-cap-view-default) .elementor-drop-cap-letter{width:1em;height:1em}.elementor-widget-text-editor .elementor-drop-cap{float:left;text-align:center;line-height:1;font-size:50px}.elementor-widget-text-editor .elementor-drop-cap-letter{display:inline-block}<\/style>\t\t\t\t<p><b>2025<\/b>: Curso de extens\u00e3o (UFABC, INCC, RBCC): &#8220;Dilemas na ci\u00eancia cidad\u00e3: explorando quest\u00f5es \u00e9ticas na produ\u00e7\u00e3o do conhecimento cient\u00edfico&#8221;. Playlist no&nbsp;<a href=\"https:\/\/www.youtube.com\/live\/TSLLV0QHFd0?si=Zo9yo8A7otBzfxNl\" target=\"_blank\" rel=\"noopener\">youtube<\/a>.&nbsp;<a href=\"https:\/\/zenodo.org\/records\/17160833\" target=\"_blank\">Documento<\/a>&nbsp;resultante do curso.<\/p>\n<p><strong style=\"font-size: 1rem;\">2019-2022&nbsp;<\/strong><span style=\"font-size: 1rem;\">Filosofia a s\u00e9rio: posts semanais sobre filosofia no&nbsp;<\/span><a style=\"background-color: #f6eddc; font-size: 1rem;\" href=\"https:\/\/www.facebook.com\/filosofiaaserio\" target=\"_blank\" rel=\"noopener\">Facebook<\/a><span style=\"font-size: 1rem;\">&nbsp;e no Instagram.<\/span><\/p>\n<p><strong>2011-2013 <\/strong>Projeto Barrac\u00e3o, Caritas Diocesana, Mar\u00edlia &#8211; SP. Atividades de filosofia com crian\u00e7as e adolescentes.&nbsp;<\/p>\n<p><strong>Participa\u00e7\u00f5es em podcasts<\/strong>:<\/p>\n<p><span style=\"text-align: var(--text-align); background-color: var( --e-global-color-primary );\">2025<\/span><\/p>\n<p><span style=\"text-align: var(--text-align); background-color: var( --e-global-color-primary );\">Podcast &#8220;Ombros de gigantes&#8221; (Instituto Principia) &#8211; <a href=\"https:\/\/creators.spotify.com\/pod\/profile\/ombros-de-gigantes\/episodes\/T02E04---A-cincia--livre-de-valores--com-Pedro-Bravo-e2tuf5r\">A ci\u00eancia \u00e9 livre de valores?<\/a><\/span><\/p>\n<p><span style=\"text-align: var(--text-align); background-color: var( --e-global-color-primary );\">2022&nbsp;<\/span><\/p>\n<p><span style=\"text-align: var(--text-align); background-color: var( --e-global-color-primary );\">Podcast &#8220;Perspectivas&#8221; &#8211; <a href=\"https:\/\/tr.ee\/Ffu4XZamAC\">Filosofia (a tal da Fil\u00f4)<\/a><br><\/span><\/p>\n<p>2021&nbsp;<\/p>\n<p>Podcast &#8220;Drag\u00f5es de Garagem&#8221; &#8211;&nbsp;<a style=\"font-family: var( --e-global-typography-text-font-family ), Sans-serif; font-weight: var( --e-global-typography-text-font-weight ); text-align: var(--text-align); font-size: 1rem;\" href=\"https:\/\/dragoesdegaragem.com\/podcast\/dragoes-de-garagem\/humanas\/filosofia-da-ciencia-dragoes-de-garagem-206\/\" target=\"_blank\" rel=\"noopener\">Filosofia da Ci\u00eancia #206<\/a><\/p>\n<p><span style=\"text-align: var(--text-align); background-color: var( --e-global-color-primary );\">2020<\/span><span style=\"text-align: var(--text-align); background-color: var( --e-global-color-primary );\">&nbsp;<\/span><\/p>\n<p><span style=\"text-align: var(--text-align); background-color: var( --e-global-color-primary );\">&#8220;O que \u00e9 tudo isso?&#8221; &#8211; <a href=\"https:\/\/open.spotify.com\/episode\/1eIY5zMRVn3P11gZvUZUpd\">Ep. 026 Divulga\u00e7\u00e3o em Humanidades<\/a><\/span><\/p>\n<p><span style=\"text-align: var(--text-align); background-color: var( --e-global-color-primary );\">&#8220;Ouse saber&#8221; &#8211; <a href=\"https:\/\/soundcloud.com\/ouse-saber\/ciencia-e-valores\">Epis\u00f3dio 43 Ci\u00eancia e valores<\/a><\/span><\/p>\n<p><strong style=\"color: var( --e-global-color-text ); font-family: var( --e-global-typography-text-font-family ), Sans-serif; text-align: var(--text-align); background-color: var( --e-global-color-primary ); font-size: 1rem;\">Textos para o grande p\u00fablico<\/strong><span style=\"color: var( --e-global-color-text ); font-family: var( --e-global-typography-text-font-family ), Sans-serif; font-weight: var( --e-global-typography-text-font-weight ); text-align: var(--text-align); background-color: var( --e-global-color-primary ); font-size: 1rem;\">:<\/span><\/p>\n<p>2022&nbsp;<a href=\"https:\/\/www.revistaquestaodeciencia.com.br\/index.php\/artigo\/2022\/07\/17\/os-100-ano-de-thomas-kuhn\" target=\"_blank\" rel=\"noopener\">Os 100 anos de Thomas Kuhn (Revista IQC)<\/a><\/p>\n<p>2020 Mat\u00e9ria Funda\u00e7\u00e3o Telef\u00f4nica &#8220;<a href=\"https:\/\/www.fundacaotelefonicavivo.org.br\/noticias\/filosofos-do-seculo-xxi-traduzem-conceitos-e-teorias-para-exemplos-do-dia-a-dia\/?fbclid=IwAR2tuXnPnl1snu-gFXdp9-2kHkxvEC_NJ78US1CbUPjqbaylmptyMtG0KjY\" target=\"_blank\" rel=\"noopener\">Fil\u00f3sofos do s\u00e9culo XXI \u201ctraduzem\u201d conceitos e teorias para exemplos do dia a dia<\/a>&#8220;<\/p>\t\t\t\t\t\t<\/div>\n\t\t\t\t<\/div>\n\t\t\t\t\t<\/div>\n\t\t\t\t<\/div>\n\t\t\t\t<\/div>\n\t\t","protected":false},"excerpt":{"rendered":"<p>2025: Curso de extens\u00e3o (UFABC, INCC, RBCC): &#8220;Dilemas na ci\u00eancia cidad\u00e3: explorando quest\u00f5es \u00e9ticas na produ\u00e7\u00e3o do conhecimento cient\u00edfico&#8221;. Playlist no&nbsp;youtube.&nbsp;Documento&nbsp;resultante do curso. 2019-2022&nbsp;Filosofia a s\u00e9rio: posts semanais sobre filosofia no&nbsp;Facebook&nbsp;e no Instagram. 2011-2013 Projeto Barrac\u00e3o, Caritas Diocesana, Mar\u00edlia &#8211; SP. Atividades de filosofia com crian\u00e7as e adolescentes.&nbsp; Participa\u00e7\u00f5es em podcasts: 2025 Podcast &#8220;Ombros de [&hellip;]<\/p>\n","protected":false},"author":1,"featured_media":0,"parent":0,"menu_order":0,"comment_status":"closed","ping_status":"closed","template":"","meta":{"footnotes":""},"aioseo_notices":[],"_links":{"self":[{"href":"https:\/\/bravopedro.com.br\/index.php?rest_route=\/wp\/v2\/pages\/63"}],"collection":[{"href":"https:\/\/bravopedro.com.br\/index.php?rest_route=\/wp\/v2\/pages"}],"about":[{"href":"https:\/\/bravopedro.com.br\/index.php?rest_route=\/wp\/v2\/types\/page"}],"author":[{"embeddable":true,"href":"https:\/\/bravopedro.com.br\/index.php?rest_route=\/wp\/v2\/users\/1"}],"replies":[{"embeddable":true,"href":"https:\/\/bravopedro.com.br\/index.php?rest_route=%2Fwp%2Fv2%2Fcomments&post=63"}],"version-history":[{"count":22,"href":"https:\/\/bravopedro.com.br\/index.php?rest_route=\/wp\/v2\/pages\/63\/revisions"}],"predecessor-version":[{"id":299,"href":"https:\/\/bravopedro.com.br\/index.php?rest_route=\/wp\/v2\/pages\/63\/revisions\/299"}],"wp:attachment":[{"href":"https:\/\/bravopedro.com.br\/index.php?rest_route=%2Fwp%2Fv2%2Fmedia&parent=63"}],"curies":[{"name":"wp","href":"https:\/\/api.w.org\/{rel}","templated":true}]}}

Extensão

<div data-elementor-type="wp-page" data-elementor-id="63" class="elementor elementor-63" data-elementor-post-type="page">
				<div class="elementor-element elementor-element-6a08161 e-flex e-con-boxed e-con e-parent" data-id="6a08161" data-element_type="container" data-core-v316-plus="true">
					<div class="e-con-inner">
				<div class="elementor-element elementor-element-db2e783 elementor-widget elementor-widget-text-editor" data-id="db2e783" data-element_type="widget" data-widget_type="text-editor.default">
				<div class="elementor-widget-container">
			<style>/*! elementor - v3.20.0 - 26-03-2024 */
.elementor-widget-text-editor.elementor-drop-cap-view-stacked .elementor-drop-cap{background-color:#69727d;color:#fff}.elementor-widget-text-editor.elementor-drop-cap-view-framed .elementor-drop-cap{color:#69727d;border:3px solid;background-color:transparent}.elementor-widget-text-editor:not(.elementor-drop-cap-view-default) .elementor-drop-cap{margin-top:8px}.elementor-widget-text-editor:not(.elementor-drop-cap-view-default) .elementor-drop-cap-letter{width:1em;height:1em}.elementor-widget-text-editor .elementor-drop-cap{float:left;text-align:center;line-height:1;font-size:50px}.elementor-widget-text-editor .elementor-drop-cap-letter{display:inline-block}</style>				<p><b>2025</b>: Curso de extensão (UFABC, INCC, RBCC): &#8220;Dilemas na ciência cidadã: explorando questões éticas na produção do conhecimento científico&#8221;. Playlist no&nbsp;<a href="https://www.youtube.com/live/TSLLV0QHFd0?si=Zo9yo8A7otBzfxNl" target="_blank" rel="noopener">youtube</a>.&nbsp;<a href="https://zenodo.org/records/17160833" target="_blank">Documento</a>&nbsp;resultante do curso.</p>
<p><strong style="font-size: 1rem;">2019-2022&nbsp;</strong><span style="font-size: 1rem;">Filosofia a sério: posts semanais sobre filosofia no&nbsp;</span><a style="background-color: #f6eddc; font-size: 1rem;" href="https://www.facebook.com/filosofiaaserio" target="_blank" rel="noopener">Facebook</a><span style="font-size: 1rem;">&nbsp;e no Instagram.</span></p>
<p><strong>2011-2013 </strong>Projeto Barracão, Caritas Diocesana, Marília &#8211; SP. Atividades de filosofia com crianças e adolescentes.&nbsp;</p>
<p><strong>Participações em podcasts</strong>:</p>
<p><span style="text-align: var(--text-align); background-color: var( --e-global-color-primary );">2025</span></p>
<p><span style="text-align: var(--text-align); background-color: var( --e-global-color-primary );">Podcast &#8220;Ombros de gigantes&#8221; (Instituto Principia) &#8211; <a href="https://creators.spotify.com/pod/profile/ombros-de-gigantes/episodes/T02E04---A-cincia--livre-de-valores--com-Pedro-Bravo-e2tuf5r">A ciência é livre de valores?</a></span></p>
<p><span style="text-align: var(--text-align); background-color: var( --e-global-color-primary );">2022&nbsp;</span></p>
<p><span style="text-align: var(--text-align); background-color: var( --e-global-color-primary );">Podcast &#8220;Perspectivas&#8221; &#8211; <a href="https://tr.ee/Ffu4XZamAC">Filosofia (a tal da Filô)</a><br></span></p>
<p>2021&nbsp;</p>
<p>Podcast &#8220;Dragões de Garagem&#8221; &#8211;&nbsp;<a style="font-family: var( --e-global-typography-text-font-family ), Sans-serif; font-weight: var( --e-global-typography-text-font-weight ); text-align: var(--text-align); font-size: 1rem;" href="https://dragoesdegaragem.com/podcast/dragoes-de-garagem/humanas/filosofia-da-ciencia-dragoes-de-garagem-206/" target="_blank" rel="noopener">Filosofia da Ciência #206</a></p>
<p><span style="text-align: var(--text-align); background-color: var( --e-global-color-primary );">2020</span><span style="text-align: var(--text-align); background-color: var( --e-global-color-primary );">&nbsp;</span></p>
<p><span style="text-align: var(--text-align); background-color: var( --e-global-color-primary );">&#8220;O que é tudo isso?&#8221; &#8211; <a href="https://open.spotify.com/episode/1eIY5zMRVn3P11gZvUZUpd">Ep. 026 Divulgação em Humanidades</a></span></p>
<p><span style="text-align: var(--text-align); background-color: var( --e-global-color-primary );">&#8220;Ouse saber&#8221; &#8211; <a href="https://soundcloud.com/ouse-saber/ciencia-e-valores">Episódio 43 Ciência e valores</a></span></p>
<p><strong style="color: var( --e-global-color-text ); font-family: var( --e-global-typography-text-font-family ), Sans-serif; text-align: var(--text-align); background-color: var( --e-global-color-primary ); font-size: 1rem;">Textos para o grande público</strong><span style="color: var( --e-global-color-text ); font-family: var( --e-global-typography-text-font-family ), Sans-serif; font-weight: var( --e-global-typography-text-font-weight ); text-align: var(--text-align); background-color: var( --e-global-color-primary ); font-size: 1rem;">:</span></p>
<p>2022&nbsp;<a href="https://www.revistaquestaodeciencia.com.br/index.php/artigo/2022/07/17/os-100-ano-de-thomas-kuhn" target="_blank" rel="noopener">Os 100 anos de Thomas Kuhn (Revista IQC)</a></p>
<p>2020 Matéria Fundação Telefônica &#8220;<a href="https://www.fundacaotelefonicavivo.org.br/noticias/filosofos-do-seculo-xxi-traduzem-conceitos-e-teorias-para-exemplos-do-dia-a-dia/?fbclid=IwAR2tuXnPnl1snu-gFXdp9-2kHkxvEC_NJ78US1CbUPjqbaylmptyMtG0KjY" target="_blank" rel="noopener">Filósofos do século XXI “traduzem” conceitos e teorias para exemplos do dia a dia</a>&#8220;</p>						</div>
				</div>
					</div>
				</div>
				</div>

<p>2025: Curso de extensão (UFABC, INCC, RBCC): &#8220;Dilemas na ciência cidadã: explorando questões éticas na produção do conhecimento científico&#8221;. Playlist no&nbsp;youtube.&nbsp;Documento&nbsp;resultante do curso. 2019-2022&nbsp;Filosofia a sério: posts semanais sobre filosofia no&nbsp;Facebook&nbsp;e no Instagram. 2011-2013 Projeto Barracão, Caritas Diocesana, Marília &#8211; SP. Atividades de filosofia com crianças e adolescentes.&nbsp; Participações em podcasts: 2025 Podcast &#8220;Ombros de [&hellip;]</p>
